?
True
Is 382979759 composite?
False
Is 462882793 composite?
True
Is 1618687649 prime?
True
Is 19043381899 a prime number?
True
Is 566991549229 a prime number?
False
Is 5865138571 composite?
False
Is 230404411 a prime number?
False
Is 41563009 a composite number?
True
Is 78479391901 prime?
True
Is 349745113 prime?
False
Is 6407797873 a prime number?
False
Is 73275992479 a prime number?
False
Is 30616095329 composite?
False
Is 1803818161 composite?
False
Is 19557106523 a composite number?
True
Is 6536202239 composite?
True
Is 693926609 composite?
False
Is 1381965593 prime?
True
Is 30807802579 a composite number?
True
Is 1053104821 a composite number?
False
Is 25089751537 a prime number?
True
Is 450799087 composite?
True
Is 46786259 composite?
True
Is 1564545379 a prime number?
True
Is 1267967959 a composite number?
True
Is 733702097 composite?
False
Is 498056729 prime?
True
Is 1336797071 a composite number?
False
Is 10592570657 a prime number?
True
Is 889349459 prime?
True
Is 1078646911 a prime number?
True
Is 771833299 a composite number?
False
Is 196617067163 a composite number?
True
Is 50723684111 composite?
True
Is 771414541 a prime number?
False
Is 23554267 composite?
True
Is 58585962311 a composite number?
True
Is 3387702079 prime?
True
Is 279710911 a prime number?
False
Is 11404399783 a prime number?
False
Is 1019183483 composite?
False
Is 121571957 prime?
False
Is 3775682377 a composite number?
False
Is 30371122781 a prime number?
True
Is 29834264039 prime?
True
Is 635654533 a prime number?
True
Is 25955969159 composite?
False
Is 13151279839 composite?
False
Is 737791829 a composite number?
False
Is 187280417 a prime number?
False
Is 2484727295 a prime number?
False
Is 2417061331 prime?
True
Is 214728407 a prime number?
True
Is 970198133 prime?
True
Is 1808883179 a composite number?
True
Is 322793717 prime?
False
Is 821793023 composite?
False
Is 54481451 a composite number?
False
Is 1899419551 composite?
False
Is 532071901 composite?
True
Is 307788851 a composite number?
False
Is 649481603 prime?
True
Is 1976982869 composite?
True
Is 71113391 composite?
False
Is 30513033289 a composite number?
False
Is 1535231177 a prime number?
True
Is 950099459 a composite number?
False
Is 112459747799 a prime number?
False
Is 1273401533 prime?
True
Is 1620776681 a composite number?
False
Is 2523184987 prime?
False
Is 47900377289 composite?
False
Is 5050125697 prime?
True
Is 278817269 composite?
False
Is 1950806239 a composite number?
False
Is 103892069 a composite number?
False
Is 54860442529 a prime number?
True
Is 13893393457 a prime number?
False
Is 20839363 a prime number?
False
Is 285012631 composite?
False
Is 3285740431 prime?
False
Is 50752174859 prime?
True
Is 1292855063 a composite number?
False
Is 3492222359 a composite number?
True
Is 42105844321 prime?
True
Is 67971287387 prime?
False
Is 1167269989 a composite number?
False
Is 143625211 a composite number?
False
Is 208235059 composite?
False
Is 375412259 prime?
True
Is 20470857971 composite?
False
Is 155091293069 composite?
False
Is 71220563 composite?
False
Is 33288858487 composite?
False
Is 11449142197 a composite number?
True
Is 6374983057 a composite number?
True
Is 543503941 a prime number?
False
Is 11057367911 a prime number?
True
Is 813211279 a composite number?
False
Is 19855133393 composite?
False
Is 699605233 a composite number?
True
Is 487784491 a prime number?
True
Is 55700713601 a composite number?
True
Is 1267282873 a prime number?
False
Is 9991811 prime?
True
Is 905143901 a composite number?
True
Is 14522994391 composite?
False
Is 157851499 composite?
True
Is 1427012317 composite?
True
Is 1447781243 a composite number?
False
Is 5255135395 a prime number?
False
Is 356508953 a prime number?
False
Is 447079883 composite?
True
Is 3405579897 a prime number?
False
Is 7799356601 a prime number?
False
Is 4109125747 a prime number?
True
Is 13294759151 a composite number?
False
Is 82101067 a composite number?
True
Is 1651446479 composite?
False
Is 18428325211 a prime number?
True
Is 6805667861 prime?
True
Is 449243094187 a composite number?
False
Is 94106144603 composite?
True
Is 1099404121 a composite number?
False
Is 50023080797 a composite number?
True
Is 16122009287 a prime number?
True
Is 4389928691 prime?
True
Is 1553699879 prime?
False
Is 328299047 a composite number?
True
Is 1773719494 a composite number?
True
Is 49946470997 prime?
False
Is 1611358033 prime?
False
Is 46902979 prime?
False
Is 17123581 composite?
False
Is 683748946 prime?
False
Is 13135389341 a prime number?
True
Is 8890007033 a composite number?
True
Is 16877336921 a composite number?
True
Is 305843693 prime?
False
Is 17906979361 prime?
False
Is 311716247 a prime number?
True
Is 3393215143 a composite number?
True
Is 4260377003 a prime number?
True
Is 593347681 a composite number?
True
Is 58718981857 prime?
True
Is 3028481891 a composite number?
False
Is 2302144843 composite?
False
Is 110906333 composite?
False
Is 642065873 a prime number?
False
Is 51229810831 a composite number?
True
Is 1149443717 a composite number?
False
Is 11998530767 prime?
True
Is 2296074301 a prime number?
True
Is 86467167161 composite?
False
Is 1171506485 a prime number?
False
Is 855897983 composite?
False
Is 15596905439 composite?
False
Is 136923767453 prime?
False
Is 7069590643 composite?
True
Is 1896287473 a prime number?
True
Is 3412347443 a prime number?
True
Is 26692819553 prime?
True
Is 157187845 a prime number?
False
Is 100972853 a composite number?
False
Is 83812400543 a prime number?
False
Is 166642166615 composite?
True
Is 1158008403 a composite number?
True
Is 1433202317 a prime number?
False
Is 84398204491 composite?
False
Is 323860639 a composite number?
False
Is 11918175511 prime?
False
Is 4155323191 a composite number?
False
Is 684083381 a composite number?
True
Is 206264011 a composite number?
True
Is 20840667593 composite?
False
Is 28153367017 a prime number?
True
Is 10878174793 prime?
False
Is 2427621623 a composite number?
True
Is 39142921 a prime number?
False
Is 741853473 composite?
True
Is 61497536209 prime?
True
Is 23885488303 prime?
False
Is 1165067567 a composite number?
False
Is 223780679429 a composite number?
False
Is 812260919 a prime number?
True
Is 30058242449 composite?
False
Is 1288353943 composite?
True
Is 14580141755 prime?
False
Is 142919072269 a composite number?
False
Is 52743428601 composite?
True
Is 682193877 composite?
True
Is 89932033 a prime number?
True
Is 86964446449 composite?
False
Is 114482237 a composite number?
True
Is 9943288091 prime?
False
Is 30526607207 composite?
True
Is 44177118439 a composite number?
True
Is 1955179547 composite?
False
Is 1635602081 a composite number?
False
Is 15399180451 a prime number?
True
Is 124542163 composite?
False
Is 125019133513 prime?
False
Is 20174914867 a prime number?
True
Is 1688121653 composite?
False
Is 2513837063 composite?
False
Is 15932938643 a composite number?
False
Is 14518246573 prime?
True
Is 25404082013 prime?
False
Is 723669415051 a prime number?
False
Is 4293553783 composite?
True
Is 84779099063 prime?
True
Is 573048941 prime?
True
Is 5870325449 composite?
False
Is 25620469663 prime?
True
Is 86930763713 a prime number?
True
Is 19694353471 prime?
False
Is 2590399363 prime?
False
Is 147036983 prime?
True
Is 64107923917 prime?
True
Is 7677350953 composite?
True
Is 8107658759 a composite number?
False
Is 2455985603 a prime number?
False
Is 55302659 prime?
True
Is 65739267799 composite?
True
Is 29840545389 a prime number?
False
Is 3373583363 a prime number?
True
Is 27800278829 a prime number?
False
Is 3133505819 a prime number?
False
Is 6596107 prime?
False
Is 1089237619 a prime number?
True
Is 53116367 prime?
True
Is 13791095239 a prime number?
False
Is 261122203 a prime number?
False
Is 485031329 composite?
False
Is 6060538591 prime?
False
Is 1107245441 a composite number?
False
Is 1535427451 prime?
False
Is 39430748377 composite?
True
Is 92852196109 a prime number?
True
Is 5638939 a composite number?
False
Is 589893979 prime?
True
Is 244411931 a prime number?
True
Is 172051971149 prime?
True
Is 14942967163 composite?
True
Is 5577531041 composite?
False
Is 1967183063 a prime number?
True
Is 12978791129 a prime number?
True
Is 165463